(b) = 51*b**3 - 153*b**2 + 9*b - 16. Determine p(3).
11
Let o(t) = 2*t**2 + 143*t + 1014. Determine o(-8).
-2
Let a(y) = -99*y + 1351. What is a(12)?
163
Let b(h) = -203*h + 8533. Calculate b(42).
7
Let w(c) = -c**2 + 51*c + 1345. Give w(70).
15
Let p(b) = 3*b**2 - 28*b + 32. Calculate p(8).
0
Let h(g) = -83*g - 1467. What is h(-18)?
27
Let q(t) = -5*t**3 + 634*t**2 + 125*t + 271. Calculate q(127).
17
Let q(c) = -5*c**2 - 58*c + 25. Determine q(-12).
1
Let m(s) = -6*s**2 + 63*s - 187. Calculate m(11).
-220
Let j(v) = -3*v**3 + 6*v**2 + 24*v - 68. Calculate j(3).
-23
Let g(h) = 7*h**2 - 40*h - 2. Give g(5).
-27
Let k(m) = -347*m + 11487. Give k(33).
36
Let u(r) = r**3 - 29*r**2 + 107*r - 50. What is u(25)?
125
Let s(q) = 8*q**3 - 221*q + 449. Determine s(2).
71
Let l(r) = 60*r**2 + 202*r - 8. Determine l(-3).
-74
Let b(d) = d**3 - 9*d**2 + 1642*d - 8119. What is b(5)?
-9
Let p(c) = -284*c - 997. Calculate p(-3).
-145
Let k(c) = 336*c**2 + 1671*c + 4. Calculate k(-5).
49
Let f(u) = -u**3 - 7*u**2 + 9*u + 18. Give f(-8).
10
Let u(d) = -21*d**2 + 58*d + 212. Give u(5).
-23
Let d(u) = 2*u**2 + 132*u - 1496. Calculate d(-76).
24
Let x(o) = -28*o**2 + 317*o - 25. Give x(11).
74
Let c(a) = 535*a - 135351. Calculate c(253).
4
Let s(w) = -63*w - 82. Give s(-2).
44
Let z(g) = -121*g + 4508. Determine z(37).
31
Let o(x) = 10*x**3 - 28*x**2 - 82*x. Calculate o(-3).
-276
Let y(a) = -4*a - 51. Calculate y(5).
-71
Let u(l) = 2404*l - 45723. Determine u(19).
-47
Let l(f) = -2435*f - 9756. Determine l(-4).
-16
Let c(y) = y**3 - 21*y**2 + 10*y + 23. What is c(20)?
-177
Let g(k) = 380*k + 705. Give g(-2).
-55
Let q(a) = a**3 - 10*a**2 - 18*a - 276. Determine q(13).
-3
Let l(c) = 120*c + 75. Calculate l(-1).
-45
Let r(d) = -4*d**2 - 92*d - 10. Give r(-23).
-10
Let z(q) = 1696*q + 13564. What is z(-8)?
-4
Let t(n) = 17*n**2 - 1767*n - 159. Calculate t(104).
-55
Let s(h) = h**3 - 33*h**2 - 318*h + 15. Calculate s(-8).
-65
Let b(v) = 4392*v - 52676. What is b(12)?
28
Let c(i) = -i**3 + 18*i**2 - 5*i - 126. Calculate c(18).
-216
Let j(z) = -30*z**2 - 933*z + 866. Give j(-32).
2
Let t(o) = -8*o**3 - 4*o**2 - 62*o + 67. Give t(1).
-7
Let s(z) = z**3 + 60*z**2 + 58*z + 12. Calculate s(-59).
71
Let x(i) = i**2 - i - 65. What is x(14)?
117
Let z(p) = -p**3 + 225*p**2 + 4900*p - 34. Determine z(245).
-34
Let v(f) = -f**3 + 36*f**2 - 240*f + 2633. Give v(31).
-2
Let h(u) = 96*u - 21694. Calculate h(226).
2
Let p(u) = -7*u - 63. Give p(-16).
49
Let g(i) = -i**3 + 28*i**2 + 6*i - 81. Calculate g(28).
87
Let o(f) = -1845*f - 12914. Give o(-7).
1
Let j(f) = 89*f + 161. Determine j(-3).
-106
Let s(u) = u**3 - 26*u**2 + 27*u - 57. Give s(25).
-7
Let q(a) = 8*a - 4. Calculate q(-1).
-12
Let l(c) = -c**2 + 34*c + 21. Calculate l(18).
309
Let o(v) = -v**2 - 5*v + 111. Calculate o(-15).
-39
Let v(f) = -8*f + 505. Determine v(61).
17
Let t(f) = -f**3 - 23*f**2 + 17*f - 171. Give t(-24).
-3
Let s(j) = -52*j + 346. Calculate s(5).
86
Let x(v) = -v**3 + 79*v**2 - 4*v + 614. Determine x(79).
298
Let j(z) = z**2 - 17*z + 71. What is j(4)?
19
Let s(o) = o**2 - 311*o + 15627. What is s(248)?
3
Let m(o) = o**3 + 10*o**2 - 22*o + 53. Determine m(-12).
29
Let j(f) = -15*f - 31. Give j(4).
-91
Let o(d) = 9*d - 183. Calculate o(13).
-66
Let o(w) = -311*w + 5629. Calculate o(18).
31
Let t(k) = 2476*k - 215417. Give t(87).
-5
Let k(j) = 2*j**3 + 114*j**2 - 6*j - 343. Give k(-57).
-1
Let y(o) = o**3 - 122*o**2 + 814*o - 15. Give y(7).
48
Let c(x) = 325*x - 2261. What is c(7)?
14
Let g(u) = 3659*u + 76843. Calculate g(-21).
4
Let a(i) = -770*i - 3929. Give a(-5).
-79
Let x(t) = -2*t**2 + 45*t + 279. Determine x(-5).
4
Let q(d) = 2*d**2 + 62*d + 33. What is q(-26)?
-227
Let g(h) = 12*h**3 + 1342*h**2 - 226*h - 159. What is g(-112)?
65
Let g(o) = -215*o + 2167. Give g(8).
447
Let o(c) = -8*c**2 + 891*c + 3573. What is o(-4)?
-119
Let x(w) = -w + 39. Determine x(6).
33
Let s(t) = 5*t**2 - 11*t - 58. Determine s(-7).
264
Let a(z) = 5*z**3 - 14*z**2 + 13*z - 3. Give a(3).
45
Let y(b) = b**2 + 9*b + 95. What is y(-16)?
207
Let k(s) = 3*s**2 - 108*s + 544. Calculate k(30).
4
Let k(t) = 88*t + 488. Calculate k(-5).
48
Let p(x) = -24*x - 16. Give p(0).
-16
Let x(u) = u**3 - 148*u**2 - 5*u + 728. What is x(148)?
-12
Let m(c) = -c**2 + 9453*c + 4. Determine m(0).
4
Let j(u) = u**3 - 79*u**2 - 165*u + 130. Determine j(81).
-113
Let p(r) = 5*r**3 - 3*r**2 + r + 1. What is p(-2)?
-53
Let y(q) = q**3 - 11*q**2 + 71*q - 793. What is y(11)?
-12
Let x(y) = y**3 + 14*y**2 + 28*y + 10. Give x(-12).
-38
Let f(q) = 63*q + 2108. Give f(-33).
29
Let u(n) = -2*n**3 + 13*n**2 - 4*n - 8. What is u(8)?
-232
Let n(u) = 2*u**3 - 138*u**2 + 521*u - 187. Determine n(65).
-122
Let v(z) = 10*z + 311. Calculate v(-30).
11
Let p(v) = -3149*v - 6286. Give p(-2).
12
Let l(g) = -97*g - 9. What is l(-1)?
88
Let k(p) = 66*p + 4418. What is k(-67)?
-4
Let v(p) = -p**3 + 41*p**2 + 62*p - 840. What is v(42)?
0
Let j(f) = -f**3 - 18*f**2 - 11*f + 129. Determine j(-16).
-207
Let l(u) = u**2 - 175*u + 1846. Determine l(11).
42
Let o(q) = -258*q - 22968. What is o(-89)?
-6
Let a(g) = g**2 + 22*g - 34. Calculate a(-23).
-11
Let q(z) = -172*z - 1571. What is q(-9)?
-23
Let r(m) = m**3 + 16*m**2 + m + 13. Determine r(-16).
-3
Let x(v) = v**2 - 22*v + 33. Give x(18).
-39
Let n(b) = b**3 - 36*b**2 + 29*b + 7. Give n(35).
-203
Let a(i) = -3*i**3 - 6*i**2 - i - 272. Give a(0).
-272
Let f(d) = 153*d**2 - 49*d - 102. What is f(-2)?
608
Let u(w) = -11*w + 67. Determine u(22).
-175
Let t(a) = -961*a + 975. Give t(1).
14
Let x(t) = 65*t - 135. What is x(2)?
-5
Let z(g) = g**3 + 20*g**2 + 73*g - 161. Give z(-14).
-7
Let x(y) = -135*y - 861. Calculate x(-10).
489
Let y(v) = -v**3 + 24*v**2 + 209*v + 136. Give y(31).
-112
Let b(k) = -66*k - 2849. Determine b(-43).
-11
Let s(v) = -v**3 - 80*v**2 + 1282*v - 3207. Calculate s(-94).
-11
Let z(m) = -4*m**3 - 17*m**2 + 10*m + 13. Calculate z(-7).
482
Let q(g) = 94*g + 4870. Give q(-52).
-18
Let y(u) = -u**2 - 135*u - 764. Give y(-6).
10
Let x(l) = -7*l**2 + 3*l + 294. Calculate x(-8).
-178
Let y(k) = 392*k + 2404. Determine y(-6).
52
Let g(b) = b**3 - 8*b**2 + 8*b + 12. What is g(6)?
-12
Let x(j) = -j**3 - 8*j**2 - 37*j - 224. What is x(-6)?
-74
Let o(j) = -j**3 + 29*j**2 - 118*j - 71. What is o(24)?
-23
Let a(o) = -143*o**3 - 2*o**2 - o + 2. Give a(1).
-144
Let s(u) = -6*u**2 - 9. Determine s(0).
-9
Let h(y) = 79*y**3 - 6*y**2 - 3*y + 1. Determine h(-1).
-81
Let k(f) = f**2 + 132*f - 3216. Give k(21).
-3
Let x(a) = -4*a**2 + 268*a + 55. Calculate x(67).
55
Let i(b) = b**3 - 29*b**2 - 4*b + 115. What is i(29)?
-1
Let w(n) = -4*n**3 - 2*n**2 + 5*n - 11. Calculate w(-2).
3
Let k(w) = 23*w + 41. What is k(-1)?
18
Let y(u) = 2*u**3 + 207*u**2 - 106*u - 216. Determine y(-104).
-8
Let m(d) = 1402*d - 42077. Calculate m(30).
-17
Let n(g) = 541*g - 21759. Calculate n(40).
-119
Let w(t) = t**2 + 13*t - 18. Give w(-18).
72
Let k(a) = 4*a**3 - 5*a**2 + 4*a. Calculate k(2).
20
Let i(k) = k**3 + 51*k**2 - 53*k - 59. Calculate i(-52).
-7
Let y(x) = x**2 + 26*x - 406. Give y(12).
50
Let y(o) = -o**3 + 9*o**2 - 4*o + 12. Give y(6).
96
Let w(a) = a**2 + 95*a + 1117. Give w(-17).
-209
Let v(q) = -43*q - 1124. Determine v(-25).
-49
Let z(j) = j**3 - 70*j**2 - 74*j + 263. Calculate z(71).
50
Let c(p) = 22*p - 268. Determine c(14).
40
Let l(k) = -4*k**2 + 60*k + 4. What is l(14)?
60
Let h(u) = 940*u - 21625. What is h(23)?
-5
Let l(z) = -z**3 + 32*z**2 - 50*z + 584. Give l(31).
-5
Let g(k) = -172*k - 10488. What is g(-61)?
4
Let f(s) = s**2 + 27*s + 63. Give f(-15).
-117
Let x(j) = 522*j + 382. Determine x(-2).
-662
Let b(u) = 4199*u + 29393. Calculate b(-7).
0
Let p(i) = -i**3 + 39*i**2 + 4*i - 127. Calculate p(39).
29
Let y(r) = -5*r - 143. What is y(-36)?
37
Let k(r) = 5*r**2 - 165*r + 225. Determine k(30).
-225
Let b(w) = 5*w**3 + w**2 - 10*w. Determine b(-3).
-96
Let r(q) = q**2 - 11*q - 1517. Determine r(45).
13
Let c(o) = 15*o - 531. Calculate c(35).
-6
Let b(d) = 3*d**3 + 686*d**2 + 456*d - 7. Give b(-228).
-7
Let f(c) = -13*c**2 - 266*c + 73. Calculate f(-21).
-74
Let q(p) = -p**2 + 12*p + 333. Calculate q(-17).
-160
Let f(j) = 262*j + 273. What is f(-1)?
11
Let u(q) = q**3 + 16*q**2 + 77*q + 335. Give u(-12).
-13
Let u(x) = 